be u(-6). Let x = 12 - a. What is the highest common divisor of f and x?
14
Suppose -532 = 5*k + c, 3*c + 341 + 195 = -5*k. Let y = -50 - k. Suppose 28 = 7*r - 28. What is the greatest common divisor of y and r?
8
Let o(m) = -m**3 - 6*m**2 - 4*m + 2. Let d be (-2)/(-1) - (4 - 2). Suppose d = q + 5 + 1. Let j be o(q). Calculate the highest common divisor of 39 and j.
13
Let t(v) = -v**3 - 5*v**2 + 5*v + 12. Let o be t(-6). What is the greatest common factor of 9 and o?
9
Let z = -77 + 137. Suppose 0 = -3*n - 24 + z. Calculate the greatest common divisor of 60 and n.
12
Suppose 3 = -3*q + 4*p + 2, 4*p - 6 = -2*q. What is the highest common divisor of 1 and q?
1
Let w be (3 - 3) + -3 - -157. Suppose 0*m = -5*g + m + 67, 0 = 2*g - 5*m - 13. What is the highest common divisor of w and g?
14
Suppose 6*j - 3*j = 0. Suppose 0 = c, j*i = 4*i + c - 704. Let f(w) = w**3 + 5*w**2 - w - 4. Let d be f(-4). Calculate the greatest common factor of d and i.
16
Let z(m) = m**2 + m - 6. Let t be z(6). Suppose 0 = -10*j + 11*j + 5, -2*j = -5*o + 70. Calculate the greatest common factor of o and t.
12
Let o(t) = 11*t. Let l be o(5). Suppose -p - 5*n + 8 = -17, p = n + l. Let z be 3*2*(-5)/(-3). What is the highest common factor of p and z?
10
Let u be ((-12)/(-14))/(7/294). What is the greatest common factor of u and 24?
12
Let b be 378/45 + 6/10. Calculate the greatest common factor of 9 and b.
9
Suppose -3*q - 58 = -q. Let s = -16 - q. Suppose -3*x = -s - 2. What is the greatest common factor of 40 and x?
5
Let v be (-2 + 3)/((-2)/(-6)). Suppose 3 = -v*n + 18. Let p = 7 + 23. What is the highest common factor of n and p?
5
Let l be ((-1)/(-1) - -10) + 2. Suppose -768 = 4*g - 2504. Suppose -34 = -4*t + g. Calculate the highest common factor of t and l.
13
Suppose 0*f - 194 = -5*v - 2*f, 0 = 5*f - 10. What is the greatest common factor of v and 57?
19
Let r = 284 + -118. Suppose -q + r = 46. Let d = -15 + 30. What is the greatest common divisor of q and d?
15
Suppose 5*u - 399 = -z, 5*z - 107 = -2*u + 48. What is the highest common factor of u and 8?
8
Let w(j) = j**2 - j + 11. Let y be w(4). Calculate the highest common factor of y and 207.
23
Suppose -3*x + 138 = 6. What is the highest common factor of 4 and x?
4
Let l be 84 + -2 + (1 - -3). Let z = l + 57. Calculate the greatest common divisor of z and 13.
13
Suppose -2 = 2*m - 0. Let t be (1/m + 2)*6. Let u be 2/10 + 1974/30. Calculate the highest common factor of u and t.
6
Let p = 10 + -12. Let f(v) = 4*v**2 - v + 1. Let s be f(p). Suppose 385 = 5*t + 5*b, -2*t - 6*b = -b - 157. What is the highest common divisor of s and t?
19
Suppose -3*c + 35 = 5*o, 0 = -0*c - c + 5. Let q(u) = u - 2. Let t be q(o). Calculate the greatest common factor of 6 and t.
2
Suppose -608 = -4*t - 8*q + 4*q, 5*t = -2*q + 772. What is the greatest common factor of t and 12?
12
Suppose 0 = o - 4*w - 2 - 11, 4*o - 35 = -w. Calculate the highest common divisor of 153 and o.
9
Let v(x) = 3*x + 63. Let w be v(25). Calculate the highest common factor of 23 and w.
23
Let r be 104*22/((-9)/(27/(-24))). Calculate the greatest common divisor of r and 22.
22
Let d be 3/(-4)*(-18 - 2). Let g(b) = 61*b**2 - 2*b + 1. Let m be g(1). What is the highest common divisor of m and d?
15
Let k(i) = 2*i**2 + i - 1. Let y be k(-5). Calculate the greatest common divisor of y and 22.
22
Suppose -2*y + 4 = 3*g - 4, -g - 4*y + 16 = 0. Suppose -3*i + 12 = -g*i. Suppose -i*j = -5*j + 1. Calculate the greatest common divisor of j and 3.
1
Suppose 3*q + 81 = 6*q. Calculate the greatest common factor of 9 and q.
9
Let k be (-10)/(2/(5 - 3)). Let x be (-906)/(-15) - (-4)/k. Calculate the greatest common divisor of 15 and x.
15
Let z be 0 - (-3 - -2) - -84. Suppose -7*s + 2*s - z = 0. Let x be s/(-2) + 3/(-6). What is the highest common factor of x and 20?
4
Let s be (-62)/(-4) + 7/14. What is the greatest common divisor of s and 48?
16
Let o = 15 + -12. Suppose -o*s + 24 = -s. Calculate the greatest common factor of 8 and s.
4
Let u(r) = -r + 2. Let f be u(0). Suppose 2*x + x = 18. What is the greatest common divisor of f and x?
2
Let x be (-4)/6*-6*1. Calculate the greatest common divisor of 28 and x.
4
Let u(t) = -5*t + 2. Let r be u(-2). Suppose -i + 0*i + r = 0. Calculate the greatest common factor of i and 3.
3
Suppose 0*i = 5*i - 900. Suppose 0*a - 4*f = -2*a + i, -4*f - 260 = -3*a. Calculate the greatest common factor of a and 32.
16
Let q(z) = -z**3 + 8*z**2 + 9*z + 1. Let s be q(9). Let a = -3 + 2. Let h be a*s/2*-2. What is the greatest common divisor of 4 and h?
1
Let r be ((-4)/6)/((-12)/72). What is the greatest common divisor of r and 4?
4
Let i be (12/15)/(2/20). What is the greatest common divisor of i and 28?
4
Let k(m) = -4*m - 23. Let u be k(-8). Calculate the greatest common divisor of u and 45.
9
Let p be 9/((-3)/(-6) + 1). Suppose 2*j = -0*j - 6. Let f = 45 - j. What is the greatest common divisor of f and p?
6
Suppose -9 - 117 = -3*a. Let d be (((-6)/7)/(5/35))/(-1). Calculate the greatest common factor of a and d.
6
Let m = 2 + 25. Suppose -m = 4*i - 187. Let o be 8/12*2*6. Calculate the highest common factor of o and i.
8
Suppose -2*y - y = -6. Let d be 5/((-30)/(-14) - y). Suppose 5*w - 3*v - d = -2*v, 7 = w - 4*v. Calculate the highest common factor of w and 1.
1
Let s be -4 + 2 - (-2)/(-1). Let y(z) = -z**3 + z**2 + 3*z - 3. Let g be y(s). Let n = 80 + -54. What is the highest common factor of g and n?
13
Suppose -5*i + a = 62, i - 1 = -4*a - 5. Let t = -10 - i. Suppose t*f + 84 = 6*f. Calculate the highest common divisor of f and 14.
7
Let r(g) = 20*g + 5. Let t be r(4). Calculate the greatest common factor of 34 and t.
17
Suppose -20 = -2*z - 2*z. Suppose z*l = -4*r + 45, r + 18 = 2*l + 2*r. Calculate the highest common divisor of 9 and l.
9
Suppose 4*z = -16 + 76. Let n(a) = -a**3 - 5*a**2 + a + 15. Let k be n(-5). Calculate the greatest common divisor of k and z.
5
Let j = 14 + 1. Suppose -u + 1 + j = 0. Calculate the greatest common factor of u and 176.
16
Suppose 4*s = 8*s - 324. Calculate the greatest common divisor of 54 and s.
27
Let k(w) be the third derivative of -w**6/120 - w**5/30 - w**4/24 - 2*w**3/3 - 5*w**2. Let x be k(-3). Calculate the highest common divisor of x and 56.
8
Let l be (1/3 + -2)*-66. What is the greatest common factor of l and 10?
10
Suppose -3*u = -8*u + 55. Suppose -5*g = 5*y - 625, -2*y = -0*y - 3*g - 230. What is the greatest common divisor of u and y?
11
Suppose 0 = 2*g + 2*y - 86, 0*y - 4*y = 3*g - 131. Let r = -24 + g. Calculate the highest common divisor of r and 34.
17
Let w be (2/(-2))/(1/(-39)*3). Calculate the highest common divisor of w and 52.
13
Suppose -82 = 2*j + 208. Let x = j + 299. Let z be (-4)/10 - (-144)/10. What is the greatest common divisor of x and z?
14
Suppose -5*v + 0*v + 5 = 0. Let c be v + (-2 - 2)*-1. Let p be (c*-2)/(18/(-27)). What is the highest common divisor of p and 15?
15
Let z be -1 + 51 - 4/4. Suppose 0 = 3*v - z - 167. Suppose f = -3*f + v. What is the highest common factor of f and 9?
9
Let g(n) = n**2 - 3*n + 4. Let d be g(3). Let v be 4/((-1*4)/(-2)). Suppose v*b - b = 32. What is the highest common factor of b and d?
4
Let i(o) = o**2 - 6. Let b be i(-6). Suppose 2*x = -3*x + b. Let m = -3 - -9. Calculate the greatest common divisor of m and x.
6
Suppose -4*n + 98 = 22. Let g be 2/4*(-7 + 13). Suppose -3*k = 3*y + 2*y - 392, 3*y - 216 = g*k. What is the highest common factor of y and n?
19
Let s be 6*3/6 - -25. Let t = s + -19. Let c(q) = -7*q**3 + q**2 - 3*q - 3. Let r be c(-2). Calculate the greatest common divisor of t and r.
9
Let b(d) = d**2 + 30. Let u be b(0). Calculate the highest common factor of 40 and u.
10
Let b = 11 - 7. Suppose 2*t + 34 = -b*i, -2*i + 8 - 39 = 3*t. Let a(c) = -12*c. Let m be a(t). Calculate the highest common factor of m and 12.
12
Let n be (28/5)/(6/60). Suppose -m - 3*f = -20, 0*f - 8 = -4*f. What is the highest common divisor of n and m?
14
Let l be (-30)/((-18)/(-8) - 3). Calculate the highest common divisor of l and 100.
20
Suppose 2*t - 2*v - 50 = 0, -4*t + 2*v + 40 + 52 = 0. What is the greatest common factor of t and 14?
7
Let w = 1 - -14. Suppose 2*f - 5*f = 4*i - 3, -w = 5*f. Suppose -5*l + 110 = -i*l. What is the 